86*v - 588. Let n = -2 + 30. Calculate the greatest common factor of n and v.
28
Suppose -2*s - 3*q = -7, -s + 5*q + 4 = -19. Suppose -s*a = -7*a. Suppose a = -15*n + 6*n + 306. Calculate the greatest common factor of n and 102.
34
Let v(n) = -7*n**3 - n**2 + 13*n + 19. Let r be v(-3). Let l = -4 - 1. Let f be ((-8)/l)/(1/40). Calculate the highest common divisor of f and r.
32
Suppose 9*d - 53 = -35. Let k be (d - 1563/12)*16/(-6). What is the greatest common factor of 19 and k?
19
Let f(n) = -3*n**3 + n**2 - n - 4. Let m be f(-4). Let t = -198 - -188. Let w be (2 - (-115)/(-25))*t. What is the highest common factor of w and m?
26
Let q = -37 - -42. Suppose 0 = q*k + 15 + 5, 0 = -3*b - 3*k + 366. Let d(l) = 3*l + 48. Let m be d(-10). Calculate the highest common divisor of m and b.
18
Let t(y) = -9*y + 20. Let r(k) = 9*k + k**2 - 1 + 3 - 25*k. Let q be r(16). Let s be t(q). Calculate the highest common divisor of 14 and s.
2
Let o(y) = -y**3 + 20*y**2 + 24*y - 27. Let u be o(21). Suppose 0 = -9*h + 10*h - u. Calculate the greatest common factor of 27 and h.
9
Suppose -4*m + 486 = 3*l, 4*m - 3*l - 87 = 387. Suppose 8*g - 455 = -95. Calculate the greatest common factor of g and m.
15
Let o be 7/(4*2/8) + -2. Let f(c) = 2*c - 5 + 6*c + 8. Let z be f(o). Calculate the greatest common divisor of 344 and z.
43
Let a(z) = -51*z + 74. Let g be a(2). Let x be (42/g)/(3/(-28)). Calculate the highest common factor of x and 7.
7
Suppose 0 = -o - 0*o + 2. Let g be 2/(14/21) + -541 + -2. Let v = g + 543. What is the greatest common factor of o and v?
1
Let i(a) = 419*a + 432*a - 835*a - 11. Let f be i(2). What is the highest common divisor of 6 and f?
3
Suppose q - 236 = -3*j, 3*j = -11*q + 7*q + 224. What is the highest common divisor of 832 and j?
16
Let u(j) = 15*j**2 - j - 2. Let p be u(6). Let g = p + 8. What is the highest common divisor of g and 27?
27
Let p(c) = 1893*c**3 - 107*c**2 + 213*c + 5. Let n be p(2). Calculate the highest common factor of n and 306.
153
Let u(i) = 73*i - 15. Let o be u(6). Let f = 619 - o. Suppose -2*h - 2*p = -7*h + 136, 2*p + 108 = 4*h. What is the greatest common divisor of f and h?
28
Let q = 22961 - 22910. Let o = 6 - 0. Calculate the highest common divisor of o and q.
3
Suppose 0 = 4*g - 5*p - 295, 416 = 5*g + 159*p - 160*p. What is the highest common divisor of g and 18360?
85
Let t = 308 + -182. Suppose -35 = -5*c + 3*j - 223, 0 = c - 5*j + 20. Let h = c + 124. What is the highest common factor of t and h?
42
Suppose -3*h - h - 21 = -5*s, 0 = -5*h + 5. Suppose s*t = 2*z + 3*t - 812, -t = 4*z - 1629. What is the highest common divisor of 11 and z?
11
Let d(q) = 32*q - 160. Let p be d(5). Let h = 0 + 3. Suppose -f + p = -2*n - 7, 0 = -h*f + 5*n + 24. Calculate the greatest common divisor of 91 and f.
13
Suppose b = -20 + 22. Suppose -b*g + 208 = 3*r + 17, 3*r - 201 = 3*g. Suppose 17 = s + d, 0*s = -4*s - 3*d + r. What is the greatest common divisor of s and 7?
7
Suppose -44*x - 351 = -958 - 1505. Calculate the greatest common divisor of 6544 and x.
16
Let b(o) = o**3 - 7*o**2 - 11*o + 688. Let d be b(0). What is the greatest common divisor of d and 258?
86
Suppose 0 = 2*i + 68*j - 66*j - 16, -21 = -3*i - 4*j. What is the highest common factor of i and 6600?
11
Suppose -86*h - 74*h = -4480. What is the greatest common factor of 364 and h?
28
Suppose 2*i + 220 = 5*l - 3*i, -2*i + 152 = 3*l. Let r = l + -41. Suppose -4*z + r*z + 3*c - 132 = 0, -2 = c. What is the highest common divisor of 69 and z?
23
Let x(a) = 201*a**2 + 1891*a + 6. Let c be x(-13). What is the greatest common factor of c and 80?
16
Suppose -4*z - g = 43, -4*z - 33 = g + 2*g. Let m = z + 25. Suppose 0 = 3*y - 15, -3*d = y - m + 2. What is the greatest common divisor of 16 and d?
2
Let l be (-10*31/62)/((-3)/(-72)*-1). Calculate the greatest common divisor of l and 12160.
40
Suppose 368*t - 44200 = 141*t + 142*t. Suppose -5*b = -2*r - 410, -3*r = b - 2*b + 95. What is the highest common divisor of t and b?
40
Let w = 5098 + -2101. Calculate the greatest common factor of 108 and w.
27
Let w be -215*((-3)/(-5) + 1220/(-100)). What is the highest common divisor of w and 290?
58
Let a be 5/(-2)*1*16/(-20). Suppose 3*c - c = 2*n + 112, -4 = -a*n. Let w = c + -39. What is the highest common divisor of w and 19?
19
Suppose -6794 = -68*j - 1286. What is the highest common factor of 153 and j?
9
Let q be 356 - 5 - (0 + 0). Suppose 50*k - 563 = 87. Calculate the highest common divisor of q and k.
13
Let m(u) = u**3 - 6*u**2 + 12*u - 4. Let x = 282 - 279. Let a be m(x). What is the greatest common divisor of a and 160?
5
Suppose -4*v + 3363 = -z, 2736 = 4*v + 5*z - 609. Let b be (96/(-10))/((-16)/v). What is the greatest common factor of b and 18?
18
Let q(s) = -82*s**2 - s - 1. Let x be q(3). Let w = 1039 + x. Calculate the highest common factor of 33 and w.
33
Suppose -3*h - 3*g = 15, -3*g + 6 = -h - 5*g. Let k be (54/h)/(15/(-20)). What is the greatest common factor of k and 72?
18
Let k(o) = o**2 - 5*o - 941. Let v be k(-45). What is the greatest common factor of v and 51?
17
Let j be ((-15)/6)/5*-4. Suppose -3*t = j*k - 27, 4*k = -t + 47 - 8. Let q(p) = 2*p + 3. Let y be q(k). Calculate the highest common factor of y and 7.
7
Let a(c) = -126*c + 1603. Let b be a(8). What is the greatest common divisor of 119 and b?
119
Let z be 9 + (1 - 0 - (-10 + 12)). Suppose 5*o = -s + 40 + 12, 18 = 3*o + 5*s. Let h = 19 - o. What is the greatest common divisor of h and z?
8
Let k be 192355/33 + (-28)/(-462). Calculate the highest common divisor of 29 and k.
29
Let c be ((-9)/(-2))/9 + 413/2. Let l = c - 193. What is the greatest common divisor of l and 21?
7
Let r(w) = w**2 + 78*w - 1148. Let o be r(13). Calculate the greatest common factor of o and 7805.
35
Suppose -5*z + 13*q - 15*q + 1217 = 0, z + q = 241. Calculate the greatest common divisor of z and 1645.
35
Let k = -469 - -500. Let a(f) = f**2 - 23*f - 206. Let p be a(k). What is the greatest common factor of p and 231?
21
Let d be 39/(3*(-5)/25*-5). Suppose 3*a - h = 1052, -8*a = -11*a + 4*h + 1049. What is the greatest common factor of d and a?
13
Let v be 2 + (0 - 4 - -8). Suppose -s = -0*s + 5*z - v, -4*z - 4 = 0. Suppose -2*y - s + 19 = 0. What is the greatest common divisor of 10 and y?
2
Suppose -q + 79*k + 3213 = 78*k, 2*k = 4*q - 12858. Calculate the greatest common divisor of q and 603.
201
Let x = 51 + -30. Let q = -110 - -69. Let w = q - -48. Calculate the greatest common divisor of x and w.
7
Suppose -11*m - 4*w - 209 = -22*m, 3*w = 2*m - 38. Calculate the highest common divisor of m and 25973.
19
Suppose 3*y + 5*y = 2544. Suppose -6*p - 2*k + 814 = -p, 2*p - y = 3*k. What is the greatest common divisor of p and 198?
18
Let r = 73 - 70. Let v be (1 + 0)*r*1. Suppose v*j - 279 = -27. Calculate the highest common factor of 24 and j.
12
Let s = -6199 - -6271. Calculate the highest common factor of 117 and s.
9
Suppose 3*s - 5*n - 205 = 0, -s = -5*s - 2*n + 230. Let m be 0 + (5 - 2)/(9/s). Calculate the highest common divisor of 160 and m.
20
Let b(w) = 12*w + 206. Let h be b(-13). What is the greatest common factor of h and 1450?
50
Let a(d) = -d**3 - 15*d**2 - 14*d + 5. Let b = 36 + -23. Let i be (b - -15)*2/(-4). Let h be a(i). What is the highest common factor of 35 and h?
5
Let a = 1660 + -463. What is the highest common factor of a and 189?
63
Let y = 4541 - 4524. What is the highest common divisor of 51 and y?
17
Let c(k) = 12*k**2 - 32*k + 31. Let l be c(9). Suppose -t - t + 6 = 0, -4*s - 2*t = -266. What is the greatest common divisor of s and l?
65
Let d = -100 - -115. Let c be 2/((-6)/d*(1 + 0)). Let o be -31*(4 + -5) - c. What is the greatest common factor of 4 and o?
4
Let u = -99 - -119. Suppose 9 = 5*v - f, -5 = -4*v + f + 2*f. Suppose 3*h = v*x - 68, 5*x - 160 = -2*h + 48. What is the highest common divisor of u and x?
20
Suppose 3*h - 4*m = -19, 2*h - m + 6 = h. Let n be 24/h*(-165)/6. Suppose 4*j - 6*j + 198 = 4*j. What is the highest common divisor of j and n?
33
Let r = 15 - 7. Let u be (-220)/r*448/(-35). Calculate the greatest common divisor of 440 and u.
88
Let l = -23257 - -23279. What is the highest common factor of l and 22858?
22
Suppose 0 = 5*c - 20*a - 1140, 169*c = 166*